pose -5*a - 2 = x, 2*a = -5*x + 4*a - 145. Let d = 61 + x. Suppose d = -s + 2*s. What are the prime factors of s?
2, 17
Let a = 12 + -9. Suppose r - 4*i + 17 = 0, 8 = -a*r + 5*i - 8. Suppose 0 = -5*g - 4*y + 132, 3*g - r*y - 87 = -24. What are the prime factors of g?
2, 3
Let l(b) = -2*b - 7*b + 3*b + 20. Let p = 74 - 81. What are the prime factors of l(p)?
2, 31
Suppose -6 = -z + 4*x, 5*x - 11 = -5*z + 6*x. Suppose 3*j - o = o + 493, -j + z*o + 159 = 0. Let l = j + -118. List the prime factors of l.
7
Suppose 2*i + a = 29, -8*a + 47 = 3*i - 3*a. Suppose -i*y = -16*y + 146. List the prime factors of y.
73
Suppose 0 = -4*j - 2*x - 2, -5*x - 24 = j - 1. Suppose -154 = j*r - 184. List the prime factors of r.
3, 5
Let v(o) = -o**3 + 8*o**2 - o - 30. Let l be v(7). Suppose 859 + 77 = l*j. List the prime factors of j.
2, 3, 13
Suppose 0*a = -3*a + 15. Let i = 44 - a. Suppose i = 3*b - 6. What are the prime factors of b?
3, 5
Let i(x) = -x**3 - 13*x**2 - 37*x - 36. List the prime factors of i(-13).
5, 89
Suppose 18*c - 2 = 16*c. List the prime factors of -1*c*(-772)/16*4.
193
List the prime factors of (57125/4)/5 + (-20)/80.
2, 3, 7, 17
Let i = -7 + 5. Let s = 4 + i. Let b(x) = 12*x + 2. List the prime factors of b(s).
2, 13
Let k(l) = l**2 + 41*l + 320. What are the prime factors of k(-52)?
2, 223
Let f = 17 - 5. Suppose -15*d + 90 = -f*d. Suppose 4*x - d = 126. List the prime factors of x.
3, 13
Suppose -147 = -l - 25. Let t = l + -86. List the prime factors of t.
2, 3
Let w = 7 + 4. Suppose -2*l + 2*b = -19 - w, -5*l = b - 93. Suppose 6*t - 6 = l. List the prime factors of t.
2
Suppose p - 3*n = -59 - 64, -5*n + 645 = -5*p. What are the prime factors of (-4)/(2 - p/(-63))?
2, 3, 7
Let q be (-5)/(20/(-16)) + 42. Suppose 4*j - 22 - q = 0. Suppose 5*x - 13 - j = 0. What are the prime factors of x?
2, 3
Suppose -8*r - 3*f = -6*r + 19, -3*r + 2*f - 22 = 0. What are the prime factors of 1566/72 - 2/r?
2, 11
What are the prime factors of 276 - 28/(-21)*3?
2, 5, 7
Let s(r) = -r**2 + 12*r - 18. Let f be s(10). Suppose -3*k + k + 52 = 5*o, o = f. What are the prime factors of k?
3, 7
Let r = 0 + 20. Let y(u) = 0 + r*u - 4 + 2 - 1. What are the prime factors of y(2)?
37
Suppose j = -3*n + 408, 836 + 366 = 3*j - 2*n. Suppose -11*i = -8*i - j. What are the prime factors of i?
2, 67
Let c be (2 - (-6)/(-4))*4. Suppose 3*u + 21 = -v, -c*u = 2*v - 5*u - 3. What are the prime factors of (v/8 - -1)*68?
17
Suppose -81*a + 2655 = -6012. What are the prime factors of a?
107
Let p(m) = 2*m**2 + 106*m - 21. What are the prime factors of p(-59)?
3, 229
What are the prime factors of (-1*7)/((-102)/18768)?
2, 7, 23
Suppose -3*r + 990 = v, -3*r = 26*v - 30*v + 3915. What are the prime factors of v?
3, 109
Let w(f) = -30*f - 13. Let q be w(-4). Let i = 159 - q. List the prime factors of i.
2, 13
Let m be 1*((-1)/2 + 5/2). Suppose -132 = -0*z - m*z + 4*g, -3*g + 46 = z. What are the prime factors of z?
2, 29
List the prime factors of 7 + (-3 - 5) + 2258.
37, 61
Suppose -62*o - 320 = -64*o. List the prime factors of o.
2, 5
Let u = 79 - -209. List the prime factors of u.
2, 3
Let c = -547 + 585. List the prime factors of c.
2, 19
Suppose 324 = -5*g + 4*x + 886, 0 = 3*g + x - 327. Let q = -73 + g. What are the prime factors of q?
37
Let v(y) = y**3 + 5*y**2 - 3*y + 3. Let g(u) = 9*u - 7. Let f be g(3). Suppose 2*w - 4*x = -6 - 4, f = -4*w + 5*x. What are the prime factors of v(w)?
2, 3
Let m(q) = -4*q - 12. Let v be m(-8). Let s = v + -20. Suppose -f + 22 + 14 = s. List the prime factors of f.
2, 3
Suppose j - 1832 = -4*c, 2*c - 4*j - 587 = 311. Suppose 50 = 3*t - c. List the prime factors of t.
13
Suppose -75*g + 128*g - 135733 = 0. What are the prime factors of g?
13, 197
Let r(i) = i**3 + 13*i**2 + 14*i - 7. Let p(l) = l**2 - 12*l - 24. Let x be p(13). List the prime factors of r(x).
3
Let a be -13*(2 + 1 - 4). Suppose -3 = c - a. List the prime factors of c.
2, 5
Let p(z) be the second derivative of -z**4/12 - 4*z**3/3 - 2*z**2 - 5*z. Let t be p(-7). Suppose 1 + 128 = t*m. What are the prime factors of m?
43
Suppose t + 4*t = 25. Suppose -2*r + 7 = r + t*x, -2*r = x. What are the prime factors of ((-4)/r)/((-18)/(-207))?
2, 23
Let i(a) = -a**3 - 7*a**2 + 6*a - 10. Let t be i(-8). Suppose 5*q = t*h - 2*h - 4, -2*h + 2 = -q. What are the prime factors of ((-8)/(-4) - -29)*h?
31
Let s be ((-8)/(-24))/(3/198). Suppose 0 = c + c + 4*o + 12, 0 = 2*c - 4*o + 28. Let m = s + c. List the prime factors of m.
2, 3
Suppose -18 = -5*m + t, -4*m + 3 = -5*t - 3. Suppose 0*r + 3*r - 11 = -z, -4*r + 76 = m*z. Suppose z*k = 18*k + 165. List the prime factors of k.
3, 11
Let o(k) = -k**2 + 22*k + 2. Let j be o(22). Suppose -j*h = -h + 2*w - 31, -3*h + 63 = -4*w. What are the prime factors of h?
5
Let k(b) = 7*b**3 - b**2. Let y be k(1). Suppose 0 = -124*z + 117*z + 1988. Suppose -z = 2*p - y*p. List the prime factors of p.
71
Let o = -21 - -6. Let d(p) = 14*p**2 - 58*p**2 + 10*p**2 - p**3 + 15*p**2 + 3*p**2 - 8 - 19*p. List the prime factors of d(o).
2, 13
Suppose -3*n = -12, 3*n = -l + 22 - 5. Suppose 2*v - 49 + 285 = l*r, -v + 2*r - 118 = 0. Let c = -75 - v. What are the prime factors of c?
43
Suppose -2*z = -0*z + 10. What are the prime factors of z/2*216/(-20)?
3
Suppose 60767 = 12*b + 4439. What are the prime factors of b?
2, 2347
Let m = -381 + 817. What are the prime factors of m?
2, 109
List the prime factors of (-9)/6*(-2 + (-21740)/15).
7, 311
Suppose 5*k + 2*z = 6, z = -3*k - z + 6. Suppose p - 93 + 22 = k. List the prime factors of p.
71
Suppose 2*m = 3*h - 3, -3*h + 4 = -m + 1. Suppose -3*z - 5*g + 118 = 0, m*z + 2*z - 100 = 2*g. List the prime factors of z.
2, 23
Let l(x) = -3*x**2 + 4*x - 6. Let w be l(-5). Let p be (-1)/7 + 9/63 - 72. Let j = p - w. What are the prime factors of j?
29
Let f(i) = 7*i + 2. Let x be f(-3). Suppose 21 = -c - 2*c + 3*v, -5*c - v - 5 = 0. List the prime factors of x/c - 8/16.
3
Let m(x) be the first derivative of x**2/2 + 6*x + 7. Let z be m(-3). Suppose g - 28 = -2*v + 5, z*v = -g + 36. List the prime factors of g.
3
Let r(x) = 9*x**2 - 4. Let k = -10 + 13. List the prime factors of r(k).
7, 11
Let w = 2 + 2. Suppose -61 - 11 = -w*z + 2*p, 5*z + p - 76 = 0. List the prime factors of z*(0 + (-14)/(-8)).
2, 7
Let g = -665 + 1678. What are the prime factors of g?
1013
Suppose -s - 2139 + 6109 = 0. List the prime factors of s.
2, 5, 397
Let b(v) = -v**2 - 14*v - 3. Let o be b(-13). Let m be 1 + 90 - o/(-5). Let f = 153 - m. What are the prime factors of f?
2, 3, 5
Let g(z) = 2*z**2 + 2*z + 380. List the prime factors of g(0).
2, 5, 19
Let b(u) = u**2 + 6*u - 8. Let f be b(-8). Let t be (f/(-6))/(10/(-1515)). Suppose 5*o - k = t, -k - 42 = -3*o + 2*o. List the prime factors of o.
2, 5
Let v = -3011 - -1635. Let z = -17 + -7. What are the prime factors of v/z + (-2)/6?
3, 19
Suppose 2*r + 3*r + z - 29 = 0, r + z = 9. Let l(d) = 30*d - 18. List the prime factors of l(r).
2, 3, 11
Let c(x) = -3*x + 3. Let j(a) = -2*a + 3. Let g(b) = 6*c(b) - 5*j(b). Let t be g(3). Let w = 29 + t. What are the prime factors of w?
2
Suppose 77*k - 84*k + 41174 = 0. List the prime factors of k.
2, 17, 173
Let y(u) = u**2 - 75. Let v be y(0). List the prime factors of ((v/20)/(-5))/((-1)/(-88)).
2, 3, 11
Let f = 20 + -20. Suppose f = -4*v - 12, 7*l - 3*v - 199 = 2*l. List the prime factors of l.
2, 19
Let y(c) = -c**3 - 8*c**2 - 8*c - 20. Suppose 10*d - 54 = 16*d. What are the prime factors of y(d)?
7, 19
Suppose -20 = -3*d + 4. Let a(h) = h**2 - 8*h + 19. What are the prime factors of a(d)?
19
Let z(l) = l - 2. Suppose 2*i + 28 = 3*y, 5*y - 35 - 13 = 4*i. Let r be z(y). List the prime factors of -6*(-4)/r - -51.
5, 11
Suppose -10 = 5*i - 10*i, -4*i = -3*w + 343. List the prime factors of w.
3, 13
Let s be -3 + 4 + -1 + 6. Let m(l) = 0 - s - 3*l + 10*l + 1. List the prime factors of m(4).
23
Suppose 3 = -3*k + 15. Suppose -2*f - 4*l = -f + 30, -k*f - 204 = -5*l. Let o = 92 + f. What are the prime factors of o?
2, 23
Let z be (6 - -1) + 1/2*-2. Suppose 4*w - 1187 = 5*h, w = -h + z*h + 278. List the prime factors of w.
3, 101
Let y be (-101)/2*2*-2. Suppose -6*i - y = -8*i. Suppose -3*t + i = -106. List the prime factors of t.
3, 23
Suppose 3*r = -r + 24. Let m(b) = 11*b + 